Historic NOAA

Selecciona un Any o Més pel report de dades.
V/Λ2022 > Gen Feb Mar Abr Mai Jun Jul Ago Sep Oct Nov Dec
V/Λ2021 > Gen Feb Mar Abr Mai Jun Jul Ago Sep Oct Nov Dec
V/Λ2020 > Gen Feb Mar Abr Mai Jun Jul Ago Sep Oct Nov Dec
V/Λ2019 > Gen Feb Mar Abr Mai Jun Jul Ago Sep Oct Nov Dec
V/Λ2018 > Gen Feb Mar Abr Mai Jun Jul Ago Sep Oct Nov Dec
V/Λ2017 > Gen Feb Mar Abr Mai Jun Jul Ago Sep Oct Nov Dec
V/Λ2016 > Gen Feb Mar Abr Mai Jun Jul Ago Sep Oct Nov Dec
V/Λ2015 > Gen Feb Mar Abr Mai Jun Jul Ago Sep Oct Nov Dec
V/Λ2014 > Gen Feb Mar Abr Mai Jun Jul Ago Sep Oct Nov Dec
V/Λ2013 > Gen Feb Mar Abr Mai Jun Jul Ago Sep Oct Nov Dec
V/Λ2012 > Gen Feb Mar Abr Mai Jun Jul Ago Sep Oct Nov Dec
V/Λ2011 > Gen Feb Mar Abr Mai Jun Jul Ago Sep Oct Nov Dec
V/Λ2010 > Gen Feb Mar Abr Mai Jun Jul Ago Sep Oct Nov Dec
V/Λ2009 > Gen Feb Mar Abr Mai Jun Jul Ago Sep Oct Nov Dec
V/Λ2008 > Gen Feb Mar Abr Mai Jun Jul Ago Sep Oct Nov Dec
V/Λ2007 > Gen Feb Mar Abr Mai Jun Jul Ago Sep Oct Nov Dec
V/Λ2006 > Gen Feb Mar Abr Mai Jun Jul Ago Sep Oct Nov Dec
V/Λ2005 > Gen Feb Mar Abr Mai Jun Jul Ago Sep Oct Nov Dec
V/Λ2004 > Gen Feb Mar Abr Mai Jun Jul Ago Sep Oct Nov Dec

Report for 2022 05
                   MONTHLY CLIMATOLOGICAL SUMMARY for MAY. 2022

NAME: RIBES   CITY:    STATE:  
ELEV:    48 m  LAT:  41 12' 00" N  LONG:   1 30' 00" E

                   TEMPERATURE (C), RAIN  (mm), WIND SPEED (km/hr)

                                      HEAT  COOL        AVG
    MEAN                              DEG   DEG         WIND                 DOM
DAY TEMP  HIGH   TIME   LOW    TIME   DAYS  DAYS  RAIN  SPEED HIGH   TIME    DIR
------------------------------------------------------------------------------------
 1  17.4  21.6   11:00  13.2    7:30   1.7   0.7   0.0   4.0  19.3   13:30    SE
 2  17.2  21.7   16:30  14.0    2:30   1.6   0.5   0.4   3.2  14.5    7:30    NE
 3  16.3  20.6   16:30  13.0    4:00   2.2   0.2   0.8   4.0  30.6   13:00    NE
 4  15.8  21.2   15:30  11.3    6:00   2.8   0.3   0.0   3.7  29.0   12:00   NNE
 5  17.7  24.3   14:30  13.5    5:00   1.6   0.9   0.0   2.9  29.0   16:00    SE
 6  17.8  24.2   13:00  11.5    3:30   2.2   1.7   0.0   4.5  25.7   19:30    SE
 7  18.1  25.6   14:30  11.7    6:00   2.3   2.0   0.0   3.9  19.3    7:00    SE
 8  17.6  23.7   16:30  11.9    6:00   2.1   1.3   0.0   3.7  17.7    2:00   NNE
 9  18.5  24.0   11:00  12.8    6:30   1.8   1.9   0.0   3.9  19.3   15:00    SE
10  18.7  23.8   18:30  11.9    7:30   1.7   2.1   0.0   4.2  20.9   14:00    SW
11  17.8  22.2   12:30  11.8    7:30   2.1   1.6   0.0   3.4  19.3   13:00    SW
12  18.2  24.2   15:30  11.9    6:30   2.1   1.9   0.0   3.7  17.7   16:30   NNE
13  18.2  22.7   17:00  12.8    6:00   1.8   1.6   0.0   3.7  17.7    3:00    SE
14  19.9  25.3   13:30  13.7    4:30   1.2   2.8   0.0   3.4  16.1    5:00    SE
15  20.7  27.1   15:30  13.8    6:30   1.1   3.5   0.0   3.4  17.7   16:30   NNE
16  20.9  26.9   13:00  14.9    6:30   0.8   3.4   0.0   3.4  16.1    7:00   NNE
17  21.2  26.2   14:00  14.4    5:30   0.8   3.6   0.0   3.5  16.1    6:30   NNE
18  22.9  28.8   11:00  16.6    6:00   0.2   4.8   0.0   2.6  14.5   16:00    SE
19  22.2  27.2   13:30  17.5    6:30   0.1   3.2   0.0   4.3  19.3   13:30    SE
20
21
22
23
24
25
26
27
28
29
30
31
-------------------------------------------------------------------------------------
    18.8  28.8    18    11.3     4    30.0  38.1   1.2   3.7  30.6     3      SE

Max >=  32.0:  0
Max <=   0.0:  0
Min <=   0.0:  0
Min <= -18.0:  0
Max Rain: 0.79 ON 03/05/22
Days of Rain: 2 (> .2 mm) 0 (> 2 mm) 0 (> 20 mm)
Heat Base:  18.3  Cool Base:  18.3  Method: Integration